 - 42502?
-42456
In base 8, what is 1 - 151?
-150
In base 6, what is -13 - -42000?
41543
In base 11, what is -3057 + a?
-3048
In base 10, what is -1788 + 1?
-1787
In base 11, what is 4 - -24148?
24151
In base 9, what is -1888 - 7?
-2006
In base 10, what is 230 - -94?
324
In base 6, what is 12 + -10511?
-10455
In base 15, what is -1 - 9c0a?
-9c0b
In base 9, what is -75 + -548?
-634
In base 3, what is 1021121 - -112212?
1211110
In base 11, what is -5286 + 57?
-522a
In base 9, what is 40 - 5547?
-5507
In base 14, what is -59 + -b0?
-129
In base 2, what is -1010 + 101110100100101110?
101110100100100100
In base 2, what is -11110 + 100111110?
100100000
In base 14, what is -123335d + -4?
-1233363
In base 12, what is -5 + -10495b?
-104964
In base 6, what is -4 + 50042?
50034
In base 3, what is 100 + 222121?
222221
In base 10, what is -11044 - 40?
-11084
In base 8, what is 747141 - 4?
747135
In base 15, what is d72 - -14?
d86
In base 4, what is -111 - -123203023?
123202312
In base 16, what is 83b - 2d?
80e
In base 12, what is -3 + 35724?
35721
In base 3, what is -102112100110 + -1?
-102112100111
In base 15, what is 1490 + -3?
148c
In base 5, what is 12 + 4430404?
4430421
In base 10, what is -2937 - 302?
-3239
In base 5, what is -103 + -44304?
-44412
In base 16, what is -6c - -5a?
-12
In base 15, what is -1d - 8d36?
-8d54
In base 15, what is 21 + -3155?
-3134
In base 3, what is 111 + 21220122?
21221010
In base 5, what is -112243204 - -10?
-112243144
In base 3, what is 12 - -111021112?
111021201
In base 11, what is 322 - -150?
472
In base 7, what is 2002443 + -2?
2002441
In base 12, what is -4548b5 - -5?
-4548b0
In base 16, what is 19 - 17cb?
-17b2
In base 2, what is 1000011010010100 + -1?
1000011010010011
In base 6, what is -11 - -10312000?
10311545
In base 4, what is -2003101 - 301?
-2010002
In base 2, what is 10000110 + -10010000000?
-1111111010
In base 13, what is 8985b + 7?
89865
In base 15, what is -956 - -8?
-94d
In base 5, what is 10342043 - 3?
10342040
In base 16, what is -3d - 60e5?
-6122
In base 7, what is 4655 + 1141?
6126
In base 10, what is 13288 - -24?
13312
In base 2, what is -11111111110100101000 - -100?
-11111111110100100100
In base 6, what is -3 - 210102?
-210105
In base 12, what is -6b31 + -5b?
-6b90
In base 14, what is -5 - -29b?
296
In base 9, what is 202 - 208?
-6
In base 14, what is -2dc - -1c?
-2c0
In base 16, what is -259 - 69?
-2c2
In base 9, what is 2524 + -51?
2463
In base 13, what is 1 - -3b16?
3b17
In base 12, what is -15 - 8a09?
-8a22
In base 4, what is -33231102 - -3?
-33231033
In base 12, what is -31 - 4423?
-4454
In base 9, what is -117581 - 6?
-117587
In base 5, what is -113343 - -201?
-113142
In base 14, what is -5 + 3c52?
3c4b
In base 5, what is 11243110 - 4?
11243101
In base 6, what is 45 + -12041?
-11552
In base 2, what is 10000 + -100110?
-10110
In base 2, what is 11101111101101 - -110101?
11110000100010
In base 9, what is -65 - 3572?
-3647
In base 4, what is -1303 + 2302?
333
In base 4, what is -32203030 + 10?
-32203020
In base 13, what is 1099c + 1?
109a0
In base 9, what is 2133 + -66?
2056
In base 2, what is -10 + -101011101100101000?
-101011101100101010
In base 4, what is -11 - -32111122?
32111111
In base 5, what is 4 - 1200114?
-1200110
In base 2, what is -1000 - -1000010011101111?
1000010011100111
In base 16, what is -b1c5c + 0?
-b1c5c
In base 5, what is -1443114 + -12?
-1443131
In base 7, what is 5 + 106446?
106454
In base 3, what is 1112 + -10110221?
-10102102
In base 6, what is -24 + 25543?
25515
In base 7, what is -1151015 + -3?
-1151021
In base 13, what is -117709 + 2?
-117707
In base 10, what is 1 - -31242?
31243
In base 8, what is -4537 + -40?
-4577
In base 6, what is -2 - 35331?
-35333
In base 15, what is 5 - -165e?
1664
In base 12, what is 2a + 1b3?
221
In base 7, what is 52 - -4066?
4151
In base 10, what is -216174 - -2?
-216172
In base 9, what is 442 + 1616?
2158
In base 9, what is 2 - -42447?
42450
In base 9, what is -20 + -38644?
-38664
In base 15, what is 11deb6 - 3?
11deb3
In base 8, what is 2420 - 151?
2247
In base 16, what is 58 + -6b0?
-658
In base 12, what is -532b5b + -3?
-532b62
In base 9, what is -205582 - 25?
-205617
In base 10, what is -721 - -16?
-705
In base 13, what is 330b - -26?
3334
In base 16, what is 146 + -1a31?
-18eb
In base 13, what is -2b25b - 3?
-2b261
In base 7, what is -3 + -103555?
-103561
In base 5, what is 110343 + 232?
111130
In base 15, what is -1b6 + 13?
-1a3
In base 6, what is 2 - -42131?
42133
In base 6, what is 142244 - -403?
143051
In base 12, what is 1 - -660249?
66024a
In base 11, what is -a872 + 4?
-a869
In base 12, what is -255 - 2b?
-284
In base 10, what is -3 - -61337?
61334
In base 6, what is -513 + -3314?
-4231
In base 7, what is -2 - -2661600?
2661565
In base 10, what is 487 - 280?
207
In base 11, what is -7 + 167a?
1673
In base 2, what is 111 - 111000101101000?
-111000101100001
In base 12, what is 29576 - 11?
29565
In base 4, what is 12320033 + 121?
12320220
In base 12, what is -4 + 74a2?
749a
In base 11, what is 8 - 370?
-363
In base 11, what is -1529 + a23?
-606
In base 8, what is 3 + 646564?
646567
In base 14, what is -68 + 1b5?
14b
In base 14, what is 6a16 + -1?
6a15
In base 2, what is -11 - 1010010110101011?
-1010010110101110
In base 6, what is 15 + 42413?
42432
In base 14, what is -4c2 + 3?
-4bd
In base 8, what is 2 - 1052104?
-1052102
In base 16, what is 1320ce - 4?
1320ca
In base 5, what is 420004 - -133?
420142
In base 4, what is 21320312 - -30?
21321002
In base 15, what is -5 + -e82a?
-e830
In base 7, what is -42665 + 16?
-42646
In base 10, what is 2 + 20387?
20389
In base 15, what is -42 - -29c?
25a
In base 15, what is 21c + a72?
c8e
In base 15, what is -215a + -c?
-2167
In base 16, what is -9 + -35466?
-3546f
In base 10, what is 12084 - -4?
12088
In base 6, what is 14040110 - -5?
14040115
In base 8, what is -37261 - 342?
-37623
In base 3, what is -11011121112210 + 12?
-11011121112121
In base 12, what is 694 + -64?
630
In base 16, what is -71 - -2e?
-43
In base 4, what is 2 + 2023303213?
2023303221
In base 13, what is -4 - -7bc82?
7bc7b
In base 11, what is -3774 - 1?
-3775
In base 5, what is -4 + -213440231?
-213440240
In base 4, what is 1 + -21201201?
-21201200
In base 4, what is 302 - -21133001?
21133303
In base 6, what is -4421 + 20?
-4401
In base 16, what is -5 + a0f?
a0a
In base 12, what is -4 - 410b?
-4113
In base 10, what is -45 + -4154?
-4199
In base 4, what is 10233201 - 11?
10233130
In base 13, what is -945b9 + -2?
-945bb
In base 5, what is -1004140 - 4?
-1004144
In base 4, what is -13 + 3213202?
3213123
In base 7, what is 2 - 125343?
-125341
In base 7, what is -23320210 + 1?
-23320206
In base 11, what is -1297 + 3aa?
-998
In base 16, what is 2160 + -6?
215a
In base 13, what is -a - -b8b7?
b8aa
In base 11, what is -19a70 - 4?
-19a74
In base 13, what is -1a0 - -58?
-145
In base 6, what is -11311401 + 1?
-11311400
In base 8, what is -3200003 - 6?
-3200011
In base 11, what is -193 - -52?
-141
In base 13, what is -68 - 100?
-168
In base 2, what is 10011000100000001100 - 101?
10011000100000000111
In base 14, what is 9b15 - 40?
9ab5
In base 11, what is 2 - -8858?
885a
In base 10, what is -4161 - 14?
-4175
In base 2, what is 10000101011001 + -100?
10000101010101
In base 2, what is -1101001011111 + 0?
-1101001011111
In base 8, what is -643003 - 4?
-643007
In base 13, what is 71 - 1c80?
-1c0c
In base 7, what is 13321123 + 3?
13321126
In base 9, what is -1 - 1746367?
-1746368
In base 6, what is -2 - -25522?
25520
In base 8, what is -216173 + -10?
-216203
In base 13, what is 27 + -a064?
-a03a
In base 14, what is -129ad - -33?
-1297a
In base 15, what is 30a9 + 2?
30ab
In base 14, what is -bc - 1c92?
-1d70
In base 12, what is 2277 - -172?
2429
In base 6, what is -143245 + -125?
-143414
In base 7, what is -2662603 - -4?
-2662566
In base 2, what is -101000111 - -100010?
-100100101
In base 13, what is 2b437 + 1?
2b438
In base 2, what is 100 + -100110011111110?
-100110011111010
In base 9, what is -107 + 20808?
20701
In base 9, what is 1545 + -133?
1412
In base 14, what is -685 - -4b0?
-1b5
In base 8, what is 5 - -37777?
40004
In base 11, what is 3 - -185078?
185080
In base 9, what is -222142 - -28?
-222113
In base 2, what is -10100 - -100101